 = 2*t**3 + 18*t**2 + 9*t - 18. Let i(h) = h**3 + 9*h**2 + 5*h - 9. Let p(s) = -7*i(s) + 3*y(s). What are the prime factors of p(-8)?
3
List the prime factors of (172/(-7))/(6/(-21)).
2, 43
Let o = 16 + -11. Suppose 0 = 4*n + 4*w - 60, -4*w + 3*w = o*n - 79. List the prime factors of n.
2
Suppose 4*s + u - 21 = 0, 0*s = 3*s + 5*u - 20. Suppose -5*k - w + 93 = 26, 29 = k - s*w. List the prime factors of k.
2, 7
Suppose 0*h = -h. Suppose -4*i + 37 - 1 = h. List the prime factors of i.
3
Suppose 3*a = -0*a + 258. What are the prime factors of a?
2, 43
Let p be (-95)/(-35) - 4/(-14). What are the prime factors of -6*(3 + (-15)/p)?
2, 3
Suppose 0 = 4*v - 13 + 1. Let a be v + -3*3/(-9). Suppose a*s + 8 = 28. List the prime factors of s.
5
Let d = -6 - 4. Suppose 3 = 4*k - 5. What are the prime factors of k/(-5) + (-114)/d?
11
What are the prime factors of -4 - 1 - 471/(-3)?
2, 19
Suppose o + o = -4*m, -3*o + 15 = 3*m. Suppose -o + 66 = -2*w. What are the prime factors of (-189)/w - 6/8?
2, 3
Suppose 2*t - 4*t - 14 = 0. Let n(b) = -2*b - 5. List the prime factors of n(t).
3
Let y be (-116)/16 + (-2)/(-8). Let u = 4 - y. What are the prime factors of u?
11
What are the prime factors of (-1)/(2 - 44/20)?
5
Let k = 181 - 76. List the prime factors of k.
3, 5, 7
Let p be (3 + -2)/((-2)/(-14)). Let v(u) = -u + 10. Let w be v(p). Suppose 5 = w*h - 25. What are the prime factors of h?
2, 5
Let w(n) = -14*n - 3. Let c be w(-2). Suppose 4*r - c = -j, -4*r + 27 = -j - 4. What are the prime factors of r?
7
Let w = 2 + -14. Let t = 25 - w. What are the prime factors of t?
37
Let v(n) = -7*n**2 + 3*n. Let f be v(2). What are the prime factors of (-312)/f - 22/121?
2, 7
Let k(t) = t + 8. Let d be k(-4). Suppose h = 2*y + d*h - 34, 0 = -5*y - h + 59. Suppose -63 + y = -4*c. What are the prime factors of c?
13
Suppose 5*p + 42 = 167. List the prime factors of p.
5
Let u = 177 - 105. List the prime factors of u.
2, 3
Let j be ((-8)/(-10))/((-4)/(-10)). Suppose 5*b - 5 = -j*k, 0*k + b = -4*k + 55. What are the prime factors of k?
3, 5
Suppose -5*m + 113 + 82 = 0. List the prime factors of m.
3, 13
Let g(r) = -3*r**2 + 2*r**2 - 2*r + 2*r**2 + 1. Let p = 5 + -1. What are the prime factors of g(p)?
3
Let s be (-3)/18 - 158/(-12). Let g = -6 + s. What are the prime factors of g?
7
Suppose 4*n = -0*n + k - 53, -3*k = 5*n + 62. Let u = 18 + n. Let w(s) = 3*s - 7. What are the prime factors of w(u)?
2
Let s(n) = -n**2 + 11. Let c(y) = -y**3 - 4*y**2. Let d be c(-4). List the prime factors of s(d).
11
Let h be (-2)/(-4) + (-15)/(-10). Suppose -h + 3 = j. Let d = 1 + j. List the prime factors of d.
2
Let h be 0/(-3) + 4/(-1). Let p be (1*-9)/(h/12). Suppose -2*t - t = -p. List the prime factors of t.
3
Suppose 252 = 3*i + 57. List the prime factors of i.
5, 13
Suppose 14*g + 200 = 18*g. List the prime factors of g.
2, 5
Suppose -2 = -2*a + a. List the prime factors of 247/26 + a/4.
2, 5
Let m = -5 - -2. Let n be 22/8 - m/12. Suppose -n*j + 26 = -13. List the prime factors of j.
13
Let y(p) = 2*p**3 - 5*p**2 + 2. Let f be y(4). Suppose 5*m = 90 + f. What are the prime factors of m?
2, 7
Let k(o) be the second derivative of 7/2*o**2 - 2*o + 0*o**3 + 0 + 1/12*o**4. List the prime factors of k(0).
7
Let f = 0 - -77. List the prime factors of f.
7, 11
Let t(l) = l**3 - 10*l**2 + l - 8. Let n be t(10). Suppose 2 = -n*g + 20. List the prime factors of g.
3
Let y be 4/2 + -2 + -24. Let x be ((-12)/(-9))/(-1)*y. Suppose -x = -5*p + 4*v + 3, -v + 49 = 4*p. What are the prime factors of p?
11
Suppose -f + 12 = -5*f. Let x = 10 - f. What are the prime factors of x?
13
What are the prime factors of 19 + -1 - (3 - 1)?
2
Let q be (-8)/(-16) - 85/(-2). Suppose 0 = -2*t + q + 19. List the prime factors of t.
31
Suppose 65 = 2*r - 45. List the prime factors of r.
5, 11
Suppose 2*p - 20 = -2*p. Suppose 0 = 4*n - 6*n + 4. Suppose m + p = n*m. List the prime factors of m.
5
Suppose 29 = g + p, -4*p = 3*g - 0*g - 86. Let w = 2 + g. What are the prime factors of w?
2
List the prime factors of 115/(-40)*-4*4.
2, 23
Let o = 361 - 257. What are the prime factors of o?
2, 13
Let u = 2 - 4. What are the prime factors of ((-27)/6)/(u/8)?
2, 3
Suppose -3*l + 58 = 3*p - 2*l, 5*p = -3*l + 90. Let c = p - 5. Let n = c + -5. List the prime factors of n.
11
Suppose -2*z = 3*j - 490, 2*j - 4*z = -2*j + 660. What are the prime factors of j?
2, 41
Let z(q) be the third derivative of q**4/24 + 3*q**2. Let o be z(2). List the prime factors of 15/3 - (o - 1).
2
Suppose -57 = -3*x + 423. Suppose x = w + 3*w. List the prime factors of w.
2, 5
Let n(h) be the first derivative of -h**5/120 - 7*h**4/24 + h**3 - 3. Let d(s) be the third derivative of n(s). List the prime factors of d(-12).
5
Let k(x) = x**3 + 10*x**2 - 12*x - 7. Let f be k(-11). Let q(w) = -w**2 + 3*w + 5. Let h be q(f). Suppose 0 = -4*i + 17 - h. What are the prime factors of i?
2
What are the prime factors of (-274)/(-8) - 2/8?
2, 17
Let q(o) = 2*o**2 - 7*o + 16. What are the prime factors of q(5)?
31
Suppose -5*f + 4*u + 27 = 0, 0 = -f - 0*f + 2*u + 9. Suppose -b = 4*g - 4*b, -b = f*g. Suppose 3*v - 5 - 7 = g. What are the prime factors of v?
2
Suppose -205 = -6*h - 31. What are the prime factors of h?
29
Suppose 2*g - 18 = -g. Suppose 0 = -4*j + 3*r + 109, -g*j + 2*j + 99 = -5*r. Let n = j + -22. List the prime factors of n.
3
Suppose 0 = -5*r + 81 - 21. Suppose -2*j = -2, 5*p - 7*j = -2*j - 15. Let f = r + p. List the prime factors of f.
2, 5
Let j(n) = n**2 + 7*n + 6. Let d = -9 + 3. Let m be j(d). List the prime factors of 10 + (m - 1)*-1.
11
Let q(c) = -c**3 - 5*c**2 - 4*c + 1. Let w be q(-4). Suppose -w + 3 = n. List the prime factors of n/5 + (-196)/(-10).
2, 5
Let p(y) = y**3 - 9*y**2 + 8*y + 6. Let f be p(8). Suppose -f = -2*n - 0. Suppose -17 = -4*d - n*t, -3*d = -0*t - 2*t - 17. What are the prime factors of d?
5
Let l be (-383)/11 - 10/55. Let h = -5 - l. What are the prime factors of h?
2, 3, 5
Let m(o) = -o**2 - 6*o + 4. Let k be m(-6). Let b = k - 1. Let r = 18 - b. List the prime factors of r.
3, 5
Let j(b) = b + 14. Let x be j(-13). What are the prime factors of (-22)/(-4)*8 + x?
3, 5
Let k be -3*(-2)/12*10. Suppose -4*v - c + 11 = -1, k*c = 5*v - 15. Suppose w - v = -3*u - 6, 5*w + 3*u - 21 = 0. What are the prime factors of w?
2, 3
Suppose -20 = -3*w - 5*c, -3*w + 5*c = -7*w + 25. What are the prime factors of w?
5
Suppose -t + 1 + 2 = 0. Suppose -5*w + 4 + 0 = -2*u, -3*w + 6 = -t*u. Suppose w*v + v - 8 = 0. What are the prime factors of v?
2
Let o = -2 - -5. Suppose -5*t + o*i = -82, 4*t - 5*i - 25 - 51 = 0. What are the prime factors of t?
2, 7
Let l(y) = y**2 - 4*y + 3. Let f be l(5). Let h be (-178)/8 + 2/f. What are the prime factors of (-158)/h + 2/(-11)?
7
Let d = -28 - -81. What are the prime factors of d?
53
Suppose m - 8 = -0*m. What are the prime factors of m?
2
Let g = -1 - -5. Suppose 0*f + f - k = 3, f + g*k = 8. What are the prime factors of 58/f - (-2)/4?
3, 5
Let l = -26 + 106. What are the prime factors of l?
2, 5
Suppose 3*f + 120 = 720. What are the prime factors of f?
2, 5
What are the prime factors of 18 + (1 - (5/5 - 1))?
19
Let h = 15 - 21. List the prime factors of 2 + -15*h/9.
2, 3
Let p(y) = -y**2 + 4*y + 1. Let v be p(4). Let q(u) = 15*u**2. List the prime factors of q(v).
3, 5
Suppose t - 5*h - 2 = 0, 100 = 4*t + 3*h - 0*h. Let r = -11 + t. List the prime factors of r.
11
Let u be 3 + (-1 - 20)*-1. List the prime factors of (u/36)/((-4)/(-306)).
3, 17
Let f(x) = -x**2 + 5*x - 4. Let i be f(3). Suppose 0 = -2*n - 4*c + 3*c + 69, i*n + 5*c - 89 = 0. List the prime factors of n.
2
Suppose 0*d = 3*d. Let a be (-1 - -3) + d + -1. Suppose g = 1 + a. What are the prime factors of g?
2
Suppose 3*m + 343 = 3*k - 7*k, 5*m = k + 80. Let o = -31 - k. What are the prime factors of o?
2, 3
Let z(o) = -11*o**3 + o**2 + 3*o + 2. What are the prime factors of z(-2)?
2, 11
Let x(d) = d**3 - 9*d**2 + 9*d - 2. Let m be x(8). Let i(b) = -b + 7. Let f be i(m). Let r = 3 - f. List the prime factors of r.
2
Let n = -2 + 4. Suppose -3*s + 4 = -n*s. What are the prime factors of s/((-4)/(-9)) + 1?
2, 5
Let l(s) = -90*s - 28. What are the prime factors of l(-4)?
2, 83
Let h(o) be the second derivative of o**3/6 - o**2/2 + 2*o. 